Suppose -n = -15 - 2. What is the remainder when f + (82 - 2) - 0 is divided by n?
16
Let j = 3 - 4. Let m(b) = -12*b - 2. Calculate the remainder when 27 is divided by m(j).
7
Calculate the remainder when 126 is divided by (-18)/(-42) - 512/(-14).
15
Let d = 739 + -553. What is the remainder when d is divided by 25?
11
Suppose -y - 6*y = -119. Suppose -11*h - 249 = -14*h. What is the remainder when h is divided by y?
15
Suppose 13*y = 194 - 38. Suppose 2*n + 0*n = 10. Calculate the remainder when y is divided by n.
2
Suppose 0 = j - 79 - 9. Suppose -4*g = -5*o - 2*g + j, -g - 4 = 0. Calculate the remainder when 47 is divided by o.
15
Suppose 6 + 19 = 5*t. Suppose -2*v - 38 = -0*i + 4*i, 0 = 5*v - t*i + 155. What is the remainder when 13/26 - v/2 is divided by 4?
2
Suppose 172*p - 176*p = -60. What is the remainder when p is divided by 9?
6
Let l = 4 - -4. Let a(o) = -o**3 - 2*o**2 + 16*o + 5. Let t be a(-5). Let c = t - -22. Calculate the remainder when c is divided by l.
6
Suppose 3*q + q + 2*o - 804 = 0, 0 = -4*q + 2*o + 788. Suppose -8 - q = -3*k. What is the remainder when k is divided by 12?
9
Let g(t) = 5*t - 30. Let x be g(13). Calculate the remainder when 42/(-14) + x + -1 is divided by 16.
15
Let x(p) = -p**3 + 12*p**2 - 17*p - 10. What is the remainder when x(8) is divided by 24?
14
Suppose -2*o - 3*q + 36 + 1 = 0, -15 = -5*q. What is the remainder when (-152)/(-6) - (-2)/(-6) is divided by o?
11
What is the remainder when 224 + 1 - 88/(-22) is divided by 11?
9
Suppose 0 = -3*s - 2*w + 385, -237*s + 3*w = -242*s + 640. Calculate the remainder when s is divided by 96.
29
Let k(s) = -s**2 - 7*s + 4. Let g be (-12)/(-8)*(-16)/4. What is the remainder when 1 + 34/6*3 is divided by k(g)?
8
What is the remainder when ((-40)/14)/((-9)/(-378)*-6) is divided by 4?
0
Suppose -h + 2*x + 22 = 0, -2*x + 40 = 2*h - 10. Let o(n) = 51*n**2 - n + 1. Let c be o(1). Let a = c + -5. Calculate the remainder when a is divided by h.
22
Let h = 8 - 3. Suppose 90 = 5*v + 20. Calculate the remainder when v is divided by h.
4
Let c(g) = 24*g + 0 + 2 - 1. Let d = 520 - 446. Calculate the remainder when d is divided by c(1).
24
Let n(s) = -2*s + 42. What is the remainder when 24 is divided by n(10)?
2
Let o(d) = -d**2 + 6*d + 5. Let f be o(7). Let u(t) = -8*t - 2. Calculate the remainder when 12/(-36) + 236/6 is divided by u(f).
11
Suppose 0 = 2*l - 36. What is the remainder when l is divided by (3 - 12)*(12/(-3) - -3)?
0
What is the remainder when (-17)/((-119)/(-28)) - 446/(-2) is divided by 57?
48
Suppose -4*m - 1 = -3*i, m + 2 = 4*i - 8. Suppose -m*g + 5 = 1. Suppose 5*b - 25 = -5*h, 27 = 3*h + g*h + 4*b. What is the remainder when 12 is divided by h?
5
Suppose 19*f - 367 = 18*f - 5*h, 4*h = 20. Calculate the remainder when f is divided by 69.
66
Suppose 0 = -3*y + 4*v + 118, -y - 4*v = -0*y - 34. Suppose 35 = 5*d - c + 4*c, -4*c + 30 = 5*d. Let i = d + 0. What is the remainder when y is divided by i?
8
Let z = -12 - -38. Calculate the remainder when ((-66)/(-5))/(-9 + 1233/135) is divided by z.
21
Let g = 80 - 87. Let o(r) = -r**2 - 13*r + 7. What is the remainder when o(g) is divided by 15?
4
Let s be (-15)/(2*(-6)/56). Let i = s - 41. Suppose -50 = -5*o - 2*m + 23, -4*m + i = o. What is the remainder when 38 is divided by o?
12
Suppose -333 = -2*f + 2*o - 3*o, 3*f = 2*o + 496. Let p(s) = 21*s - 252. What is the remainder when f is divided by p(14)?
40
Let n = -2 + -2. Let h = 73 + -76. Calculate the remainder when 46 is divided by n + 2 + 15 - h.
14
Let l = 41 - 35. Suppose -3*r = -3*m - l, 4*r - 33 = -2*m + m. Suppose 2*d + u - 20 = 0, -3*d = -8*d + 3*u + 72. Calculate the remainder when d is divided by r.
5
Suppose -2*u + 3*u - 36 = 0. Let b(i) = i + 7. Let g be b(0). Suppose 0 = p - u + g. Calculate the remainder when p is divided by 15.
14
Let l = -10178 + 10205. Let h be (-4)/2 + (0 - -16). What is the remainder when l is divided by 3*(h/6 - 0)?
6
Let t be 4/10 - -27*(-8)/(-60). Let c be (1 + 74)*(1 + 0). Suppose i + c = t*i. Calculate the remainder when i is divided by 14.
11
Suppose -2*d + 36 - 126 = j, 0 = -5*d + 3*j - 203. Let v = d + 57. Calculate the remainder when v is divided by 10.
4
Let r be (2 - -3 - 1) + -1. Suppose -r*h + 80 = -h. Suppose 5*n - 107 = 288. Calculate the remainder when n is divided by h.
39
Suppose -5*r + 0*r - 182 = -q, -2*q - 4*r = -322. What is the remainder when q is divided by 58?
51
Let x = 85 + 56. What is the remainder when x is divided by 16?
13
Let r(h) = h**3 - 4*h**2 + 5*h - 5. Suppose 0 = 3*y - 66 + 21. Let n = -11 + y. What is the remainder when r(n) is divided by 6?
3
Suppose -2*u - 2*u - 5*z = 337, 4*z = -4. Let s = 91 + u. What is the remainder when 19 is divided by s?
3
Let t(i) = i**2 - i + 45. Suppose 0 = -28*j + 37*j - 207. Calculate the remainder when t(0) is divided by j.
22
Suppose 61*a + 6 = 62*a. Calculate the remainder when 255 is divided by a.
3
Suppose -2*j = -2*d + 394, -j = -d + 3*j + 197. Suppose d = 12*q + 41. What is the remainder when 38 is divided by q?
12
Let a(f) = 3*f**2 - 3*f - 2. Let o be a(-1). Suppose -236 = -o*d - 4*q, 0 = -5*d + 4*d + 2*q + 71. Calculate the remainder when d is divided by 13.
11
Suppose -2*a - 5*a + 357 = 0. Let w = a + -48. What is the remainder when 5 is divided by w?
2
What is the remainder when (-227 + 372)*4/10 is divided by 4/(-6) - (-47)/3?
13
Suppose -t - 105 + 123 = 0. Suppose 5*k + h = -12 + 52, 2*k + 2*h - 24 = 0. Let q(b) = -b**2 + 9*b - 3. Calculate the remainder when t is divided by q(k).
7
Let v = -347 + 205. Let x = v - -157. Calculate the remainder when 29 is divided by x.
14
Let a be (-2)/(-6) + 30/(-18)*-1. Suppose 4*o - 52 = -a*k, 2*k + k = 3*o + 51. What is the remainder when 57 is divided by k?
17
Let b(u) = 7*u**2 + 17*u + 34. What is the remainder when 71 is divided by b(-2)?
15
Let c(o) = o + 9. Let l be c(-4). Suppose -253 = -5*u - n, l*u - 4*n - 188 = u. Let s = -4 - -21. Calculate the remainder when u is divided by s.
16
What is the remainder when 245 + 8/(-8) - 0 is divided by 78?
10
Let u(d) = d - 3. Let w be u(5). Let c(r) = 0 + 12*r - w + 0*r + 3*r. What is the remainder when c(4) is divided by 12?
10
Let p(w) = 2*w**3 - 4*w**2 - 2*w - 4. Let h be p(4). Let d = h - 34. Calculate the remainder when 34 is divided by d.
16
What is the remainder when 20 is divided by ((-88)/((-24)/3))/1?
9
Let t(p) = -2*p + 2. Let a be t(12). Let b = a - -21. Let s(i) = -7*i. What is the remainder when 27 is divided by s(b)?
6
Let h(v) = -2*v**2 + 19*v + 9. What is the remainder when 161 is divided by h(9)?
17
Suppose b - 3*h = -0*h + 1083, 2*b - 2*h - 2178 = 0. Calculate the remainder when b is divided by 73.
70
Suppose 38*f - 286 = 10164. What is the remainder when f is divided by 12?
11
Let z(d) = d**2 - 7*d - 9. Let g(k) = -4*k**2 + k. Let q be g(1). What is the remainder when z(q) is divided by 12?
9
Let d be (0 - 0)/(7 - 6). Calculate the remainder when 30 is divided by (17 - d) + -4 + 4.
13
Suppose k + 247 = 3*s, 0 = 3*s + 6*k - 11*k - 239. Calculate the remainder when 246 is divided by s.
80
Suppose -12 = -n - 66. Let h = 81 + n. Calculate the remainder when 160 is divided by h.
25
Let b(l) = -2*l**2 + 3*l. Let a be b(2). Let r(v) = -16*v. Let w(q) = q. Let t(u) = 2*r(u) + 22*w(u). Calculate the remainder when 99 is divided by t(a).
19
Let p = 274 - 257. What is the remainder when 50 is divided by p?
16
Let v be (3 - 7 - -4)*(-1)/2. Suppose -4*k + 180 = 4*i - 8*k, -4*k - 8 = v. Calculate the remainder when i is divided by 17.
9
Let a = 85 + -45. Suppose 2*r + 2*u - a = 0, 3*u - 3 = 4*r - 62. What is the remainder when 67 is divided by r?
16
Let d(v) = v - 2. Let u be d(6). What is the remainder when (-3)/(-6)*(u - -18) is divided by 4?
3
Let w = 15 - 10. Suppose -2*b - 25 = -3*g, -4*g = -w*b - 9 - 15. Calculate the remainder when 53 is divided by g.
9
Suppose -16*g + 23417 = 7689. What is the remainder when g is divided by 4?
3
Let j(k) = -k**2 + k + 4. Let a(b) = -2*b**2 + 2*b + 7. Let l(o) = 3*a(o) - 5*j(o). What is the remainder when l(1) is divided by 1?
0
Let d = -110 + 139. Let t = d - 19. Calculate the remainder when 59 is divided by t.
9
Suppose 4*x - 496 = 3*d + 349, 0 = -4*x - 4*d + 880. What is the remainder when x is divided 